{"id":52,"date":"2026-02-20T00:17:42","date_gmt":"2026-02-19T23:17:42","guid":{"rendered":"https:\/\/strona2.ewamicelska.pl\/?page_id=52"},"modified":"2026-02-20T00:17:51","modified_gmt":"2026-02-19T23:17:51","slug":"strona-glowna","status":"publish","type":"page","link":"https:\/\/strona2.ewamicelska.pl\/","title":{"rendered":"Strona g\u0142\u00f3wna"},"content":{"rendered":"\t\t<div data-elementor-type=\"wp-page\" data-elementor-id=\"52\" class=\"elementor elementor-52\" data-elementor-post-type=\"page\">\n\t\t\t\t<div class=\"elementor-element elementor-element-69745269 e-con-full e-flex e-con e-parent\" data-id=\"69745269\" data-element_type=\"container\" data-e-type=\"container\">\n\t\t\t\t<div class=\"elementor-element elementor-element-60c893d7 elementor--h-position-center elementor--v-position-middle elementor-arrows-position-inside elementor-pagination-position-inside elementor-widget elementor-widget-slides\" data-id=\"60c893d7\" data-element_type=\"widget\" data-e-type=\"widget\" data-settings=\"{&quot;navigation&quot;:&quot;both&quot;,&quot;autoplay&quot;:&quot;yes&quot;,&quot;pause_on_hover&quot;:&quot;yes&quot;,&quot;pause_on_interaction&quot;:&quot;yes&quot;,&quot;autoplay_speed&quot;:5000,&quot;infinite&quot;:&quot;yes&quot;,&quot;transition&quot;:&quot;slide&quot;,&quot;transition_speed&quot;:500}\" data-widget_type=\"slides.default\">\n\t\t\t\t\t\t\t\t\t\t<div class=\"elementor-slides-wrapper elementor-main-swiper swiper\" role=\"region\" aria-roledescription=\"carousel\" aria-label=\"Slajdy\" dir=\"ltr\" data-animation=\"fadeInUp\">\n\t\t\t\t<div class=\"swiper-wrapper elementor-slides\">\n\t\t\t\t\t\t\t\t\t\t<div class=\"elementor-repeater-item-9cab3d6 swiper-slide\" role=\"group\" aria-roledescription=\"slide\"><div class=\"swiper-slide-bg\" role=\"img\" aria-label=\"ChatGPT-Image-15-lut-2026-18_52_37.png\"><\/div><a class=\"swiper-slide-inner\" href=\"https:\/\/wordpress2657206.home.pl\/autoinstalator\/wordpresswoocommerce1\/index.php\/skontaktuj-sie\"><div class=\"swiper-slide-contents\"><div class=\"elementor-slide-heading\">Druk, kt\u00f3ry pracuje dla Twojej marki.<\/div><div class=\"elementor-slide-description\">Profesjonalna drukarnia oferuj\u0105ca nadruki na torbach bawe\u0142nianych, druk DTF, sitodruk, produkcj\u0119 termotransfer\u00f3w oraz sprzeda\u017c folii CTF do przygotowania matryc sitodrukowych. Obs\u0142ugujemy klient\u00f3w B2B i B2C, realizuj\u0105c zar\u00f3wno kr\u00f3tkie serie, jak i wi\u0119ksze nak\u0142ady.<\/div><div  class=\"elementor-button elementor-slide-button elementor-size-sm\">Zam\u00f3w<\/div><\/div><\/a><\/div>\t\t\t\t<\/div>\n\t\t\t\t\t\t\t<\/div>\n\t\t\t\t\t\t\t\t<\/div>\n\t\t\t\t<\/div>\n\t\t<div class=\"elementor-element elementor-element-3ebd85b4 e-con-full e-flex e-con e-parent\" data-id=\"3ebd85b4\" data-element_type=\"container\" data-e-type=\"container\">\n\t\t<div class=\"elementor-element elementor-element-6ab487c8 e-con-full e-flex e-con e-child\" data-id=\"6ab487c8\" data-element_type=\"container\" data-e-type=\"container\">\n\t\t\t\t<div class=\"elementor-element elementor-element-32f0c2f elementor-widget elementor-widget-text-editor\" data-id=\"32f0c2f\" data-element_type=\"widget\" data-e-type=\"widget\" data-widget_type=\"text-editor.default\">\n\t\t\t\t\t\t\t\t\t<p>Indywidualny projekt torby \u2013 bawe\u0142niane modele z<br \/>nadrukiem<br \/>W <strong>Tote Print<\/strong> projektujemy i produkujemy torby bawe\u0142niane w pe\u0142ni dopasowane do Twoich potrzeb.<br \/>Realizujemy zam\u00f3wienia wed\u0142ug indywidualnych wytycznych \u2013 od wyboru tkaniny i koloru, przez<br \/>format i d\u0142ugo\u015b\u0107 uchwyt\u00f3w, a\u017c po precyzyjne rozmieszczenie nadruku.<br \/>Pe\u0142na personalizacja bez kompromis\u00f3w<br \/>Oferujemy wykonanie nadruk\u00f3w z dowoln\u0105 grafik\u0105: logo firmy, nazw\u0105 marki, has\u0142em reklamowym,<br \/>cytatem, ilustracj\u0105, motywem artystycznym czy wizerunkiem pupila. Ka\u017cdy projekt traktujemy<br \/>indywidualnie, dbaj\u0105c o estetyk\u0119, czytelno\u015b\u0107 oraz trwa\u0142o\u015b\u0107 nadruku.<br \/>Produkt u\u017cytkowy i skuteczne narz\u0119dzie promocji<br \/>Torby bawe\u0142niane z w\u0142asnym nadrukiem doskonale sprawdzaj\u0105 si\u0119 zar\u00f3wno jako element<br \/>codziennego u\u017cytku, jak i jako efektywny no\u015bnik reklamy. To rozwi\u0105zanie ch\u0119tnie wybierane przez<br \/>firmy, samorz\u0105dy, urz\u0119dy miast i gmin, instytucje publiczne, agencje reklamowe oraz klient\u00f3w<br \/>indywidualnych.<br \/>Jako\u015b\u0107, kt\u00f3ra buduje wizerunek marki<br \/>W <strong>Tote Print<\/strong> stawiamy na wysok\u0105 jako\u015b\u0107 materia\u0142\u00f3w oraz sprawdzone technologie nadruku. Dzi\u0119ki<br \/>temu nasze torby s\u0105 trwa\u0142e, estetyczne i odporne na intensywne u\u017cytkowanie, zachowuj\u0105c<br \/>doskona\u0142y wygl\u0105d przez d\u0142ugi czas.<br \/>Zaprojektuj torb\u0119, kt\u00f3ra wyr\u00f3\u017cni Twoj\u0105 mark\u0119 \u2013 prywatnie lub biznesowo<\/p>\t\t\t\t\t\t\t\t<\/div>\n\t\t\t\t<\/div>\n\t\t<div class=\"elementor-element elementor-element-2beca4e3 e-con-full e-flex e-con e-child\" data-id=\"2beca4e3\" data-element_type=\"container\" data-e-type=\"container\" data-settings=\"{&quot;background_background&quot;:&quot;slideshow&quot;,&quot;background_slideshow_gallery&quot;:[{&quot;id&quot;:40,&quot;url&quot;:&quot;https:\\\/\\\/strona2.ewamicelska.pl\\\/wp-content\\\/uploads\\\/2026\\\/02\\\/ChatGPT-Image-15-lut-2026-16_11_47-1.png&quot;},{&quot;id&quot;:36,&quot;url&quot;:&quot;https:\\\/\\\/strona2.ewamicelska.pl\\\/wp-content\\\/uploads\\\/2026\\\/02\\\/ChatGPT-Image-15-lut-2026-16_36_18.png&quot;}],&quot;background_slideshow_loop&quot;:&quot;yes&quot;,&quot;background_slideshow_slide_duration&quot;:5000,&quot;background_slideshow_slide_transition&quot;:&quot;fade&quot;,&quot;background_slideshow_transition_duration&quot;:500}\">\n\t\t\t\t<\/div>\n\t\t\t\t<\/div>\n\t\t<div class=\"elementor-element elementor-element-5dad4991 e-flex e-con-boxed e-con e-parent\" data-id=\"5dad4991\" data-element_type=\"container\" data-e-type=\"container\">\n\t\t\t\t\t<div class=\"e-con-inner\">\n\t\t<div class=\"elementor-element elementor-element-29dc42f4 e-con-full e-flex e-con e-child\" data-id=\"29dc42f4\" data-element_type=\"container\" data-e-type=\"container\">\n\t\t\t\t<div class=\"elementor-element elementor-element-781e3195 elementor-widget elementor-widget-heading\" data-id=\"781e3195\" data-element_type=\"widget\" data-e-type=\"widget\" data-widget_type=\"heading.default\">\n\t\t\t\t\t<h2 class=\"elementor-heading-title elementor-size-default\"><a href=\"https:\/\/wordpress2657206.home.pl\/autoinstalator\/wordpresswoocommerce1\/index.php\/skontaktuj-sie\/\">Skontaktuj si\u0119<\/a><\/h2>\t\t\t\t<\/div>\n\t\t\t\t<\/div>\n\t\t\t\t\t<\/div>\n\t\t\t\t<\/div>\n\t\t\t\t<\/div>\n\t\t","protected":false},"excerpt":{"rendered":"<p>Druk, kt\u00f3ry pracuje dla Twojej marki.Profesjonalna drukarnia oferuj\u0105ca nadruki na torbach bawe\u0142nianych, druk DTF, sitodruk, produkcj\u0119 termotransfer\u00f3w oraz sprzeda\u017c folii CTF do przygotowania matryc sitodrukowych. Obs\u0142ugujemy klient\u00f3w B2B i B2C, realizuj\u0105c zar\u00f3wno kr\u00f3tkie serie, jak i wi\u0119ksze nak\u0142ady.Zam\u00f3w Indywidualny projekt torby \u2013 bawe\u0142niane modele znadrukiemW Tote Print projektujemy i produkujemy torby bawe\u0142niane w pe\u0142ni dopasowane [&hellip;]<\/p>\n","protected":false},"author":1,"featured_media":0,"parent":0,"menu_order":0,"comment_status":"closed","ping_status":"closed","template":"elementor_header_footer","meta":{"footnotes":""},"class_list":["post-52","page","type-page","status-publish","hentry"],"jetpack_sharing_enabled":true,"_links":{"self":[{"href":"https:\/\/strona2.ewamicelska.pl\/index.php?rest_route=\/wp\/v2\/pages\/52","targetHints":{"allow":["GET"]}}],"collection":[{"href":"https:\/\/strona2.ewamicelska.pl\/index.php?rest_route=\/wp\/v2\/pages"}],"about":[{"href":"https:\/\/strona2.ewamicelska.pl\/index.php?rest_route=\/wp\/v2\/types\/page"}],"author":[{"embeddable":true,"href":"https:\/\/strona2.ewamicelska.pl\/index.php?rest_route=\/wp\/v2\/users\/1"}],"replies":[{"embeddable":true,"href":"https:\/\/strona2.ewamicelska.pl\/index.php?rest_route=%2Fwp%2Fv2%2Fcomments&post=52"}],"version-history":[{"count":4,"href":"https:\/\/strona2.ewamicelska.pl\/index.php?rest_route=\/wp\/v2\/pages\/52\/revisions"}],"predecessor-version":[{"id":116,"href":"https:\/\/strona2.ewamicelska.pl\/index.php?rest_route=\/wp\/v2\/pages\/52\/revisions\/116"}],"wp:attachment":[{"href":"https:\/\/strona2.ewamicelska.pl\/index.php?rest_route=%2Fwp%2Fv2%2Fmedia&parent=52"}],"curies":[{"name":"wp","href":"https:\/\/api.w.org\/{rel}","templated":true}]}}